 tens digit of a?
4
Suppose -6*n + 4*n + p = -5, 5*n - 5*p = 0. Suppose -n*y = -2090 - 130. Suppose 3*u - y + 108 = 0. What is the tens digit of u?
1
Suppose 4*n - 14 = -5*o + 24, o = -3*n + 12. Let q be o/51 - (-8)/(-68). Suppose -7*c - 190 + 722 = q. What is the tens digit of c?
7
Let z(r) = 14*r + 4 + 12 + 0 + 23*r. Let t be z(7). Suppose -4*l - t + 683 = 0. What is the tens digit of l?
0
Suppose -4*b = -4, -8032 = -4*w - 4*b + 16744. What is the units digit of w?
3
Suppose 0 = t - 6, -4*f + 54*t + 199334 = 59*t. What is the hundreds digit of f?
8
Let q(f) = -4*f**2 + 15*f - 4. Let z be q(3). Suppose -w - 2*d + 707 = 0, z*w - 3483 = 5*d - 2*d. What is the hundreds digit of w?
6
Let l(h) = 11 - 11 - h**2 - 2*h + 3 - 3*h. Let w be l(-5). Suppose 4*x + w*a - 8 = 0, x - 5*a - 4 = -x. What is the units digit of x?
2
Let k be (-7 - -6) + (-2 - -8). Suppose -897 = -2*s + s - k*q, -5*s + 4455 = -5*q. What is the units digit of s?
2
Suppose 4*v - 15301 = -3189. Let u = v + -1562. What is the thousands digit of u?
1
Suppose 0 = 4*o + o - 230. Suppose 0 = 46*s - 38*s - 88. Suppose t - o = s. What is the tens digit of t?
5
Let x = -186 - -189. Suppose 124 = 3*w - 4*q, -10*w + 7*w + x*q = -120. What is the units digit of w?
6
Let f = -6469 + 10384. Suppose 9*l - f - 3150 = 0. What is the tens digit of l?
8
Suppose 0 = 670*y - 659*y - 244607. What is the ten thousands digit of y?
2
Let z be (-21)/14*((-2)/1 - 0). Suppose -2*g = -z*m + 32, -6 = 3*g - m + 28. What is the units digit of (414/15)/(g/(-25))?
9
Suppose -2963923 - 3802943 = -93*j. What is the ten thousands digit of j?
7
Suppose 4*i - 415 + 87 = 0. Suppose i*g = 66*g + 17600. What is the hundreds digit of g?
1
Suppose 0 = 4*z + 5*r + 34, 2*z + 21 = -3*r + 5. Let h(d) = d**3 + 12*d**2 + 10*d - 3. Let n be h(z). What is the units digit of (n/3)/(36/1026)?
6
What is the units digit of 1510/(-4)*40/(-100)?
1
Let l(r) = 5*r**2 + 52*r + 145. What is the units digit of l(-43)?
4
Suppose 13*f = f + 1056. Let q = f + -29. Suppose 7*b = 935 + q. What is the tens digit of b?
4
Let f = -4612 - -2910. Let k = f - -2835. What is the hundreds digit of k?
1
Let w(i) = -11*i - 30. Let m be w(-3). Suppose 0 = 2*n + 2*h + 5 + 11, -m*h - 31 = 4*n. What is the tens digit of (-2 - 1185/n) + 22/(-77)?
6
Let u be (2/7)/(-5 - (-355)/70). Suppose -u*d + 879 = -2241. Suppose -26*l = -32*l + d. What is the hundreds digit of l?
1
Let v(l) = l**3 + 4*l**2 + 4*l. Let j be v(-2). Suppose 5*o - 1277 + 707 = j. What is the tens digit of o?
1
Let m(g) = -g**3 - 21*g**2 + 106*g + 165. What is the thousands digit of m(-41)?
9
Let j = 106356 - 70301. What is the thousands digit of j?
6
Let y(s) = -20*s - 6*s**2 + 13 + 0*s**3 - s**3 + 27*s. Let j be y(-11). Suppose 5*t + 201 - j = 0. What is the units digit of t?
8
Suppose 2*c - 5*c = 6*c. Suppose -1421 = -3*p - r, p + 2*r - 618 + 136 = c. What is the hundreds digit of p?
4
Let n = -87 - -85. Let v be n/(-6) - (8078/(-21) - -3). What is the units digit of (-1)/(-4)*2*v?
1
Suppose 0 = 2*q - 4, 4*z - 37119 - 34459 = q. What is the thousands digit of z?
7
Let v = 372 - -984. Suppose -v = -3*f + 291. What is the units digit of f?
9
Suppose -117*n - 24687 = -439853 - 830182. What is the hundreds digit of n?
6
Let g be (-6)/(-4)*(-8)/3. Let z be 4/g - (76 - (-2)/2). Let c = z - -147. What is the units digit of c?
9
Let o(u) be the second derivative of 149*u**4/6 + 2*u**3/3 - u**2 + 3*u - 11. What is the hundreds digit of o(1)?
3
Let b be 61/1 - 0/4. Suppose 85 - 260 = 5*y. Let m = b + y. What is the units digit of m?
6
Suppose 15 = 5*i + 5. What is the tens digit of 170/i - (-4 - -1)?
8
Let g = 6562 - 3655. What is the units digit of g?
7
Let g = -58 + 126. Let h = 219 - g. Suppose 15 = -5*z, z + h + 32 = 2*l. What is the tens digit of l?
9
Let x = 12275 + 19435. What is the tens digit of x?
1
Let x = -417 - -542. Let y(o) = o**2 + 59. Let k be y(0). Let d = x - k. What is the tens digit of d?
6
Let g = -659 + 1671. Let y = 2449 - g. What is the units digit of y?
7
Let a(z) = -26*z - 169. Let h be a(-7). Suppose -p + h*p = 7956. What is the units digit of p?
3
Let k(v) = 3*v**2 + 4*v + 8. Let b be k(-2). Suppose -3 - b = 3*u, -797 = -2*y - 5*u. What is the units digit of y?
1
Suppose 2*j = 4*m + 54, -2*m - 58 = 3*j - 171. What is the hundreds digit of (-95 + -1)*j/(-40)*6?
5
Suppose 99*c - 101*c - 173542 = -4*j, -5*j + 216917 = -c. What is the ten thousands digit of j?
4
Suppose -780 = -2*q - 8*q. Suppose 24*a - q = 11*a. What is the units digit of a?
6
Let w = -1505 + 2463. What is the units digit of 0 - w/(-2)*1?
9
Let w(j) be the second derivative of -18*j + 1/2*j**2 + 0 - 13/6*j**3. What is the units digit of w(-6)?
9
What is the units digit of (42/10 + -110 + 107)/(15/1016075)?
6
Suppose 67*t = 64*t + 9. Suppose k = 3*i + 351 + 354, 4*k - 2793 = t*i. What is the hundreds digit of k?
6
Let z be (-3)/(18/(-15752)) - (-20)/(-60). Suppose z = 5*q + 5*l, 10*l = -5*q + 13*l + 2601. What is the hundreds digit of q?
5
Let r = 957 + 8. Let b = 1482 - r. What is the hundreds digit of b?
5
What is the hundreds digit of (-37 + 3382/76)*6596/3?
4
Let x = 4855 - -3710. What is the hundreds digit of x?
5
What is the units digit of (-1)/11 - (-1122444)/1254?
5
Suppose 37526 = 2*s + 3*p, 116*s = 117*s - 3*p - 18772. What is the hundreds digit of s?
7
Suppose -348739 = -37*u + 167263. What is the thousands digit of u?
3
Suppose -81*z + 1690 = -86*z. Let p = 190 - z. What is the hundreds digit of p?
5
Suppose -x - 357 = -5*u, -5*u + x - 2*x = -363. Let c = u + -68. Suppose -2*l + 2*s = -5*l + 21, c*s - 21 = -3*l. What is the units digit of l?
7
Let x be (-9 - 2) + 5 + 3 + -1. Let s be 141 + 1*(x + 7/1). Suppose -361 + s = -h. What is the hundreds digit of h?
2
Let r(u) = -9*u**3 + 2*u + 1. Let t be r(-1). Suppose -3468 = -2*f + t*f. Let m = -328 - f. What is the hundreds digit of m?
2
Let g = -11677 + 35061. What is the units digit of g?
4
Let g = -31 + 33. Suppose -6*i + 3*i + 21 = 3*r, -g*r = -10. What is the units digit of (i/8)/((-3764)/(-752) - 5)?
7
Suppose 4*k - 5*w = 9, -82*k = -81*k - w - 2. What is the hundreds digit of (3/(-6) + 1575/2)*k?
7
What is the thousands digit of (-555478)/(-33) + -13 - (12/9)/(-4)?
6
Suppose 3*c - 6*n = -7*n + 17, 21 = 3*c + 3*n. Suppose 5*p + 1115 = c*w + 10*p, -2*w + 5*p + 446 = 0. What is the tens digit of w?
2
Let w(t) = 66*t**2 - 366*t - 7. What is the hundreds digit of w(12)?
1
Suppose 13*b + 55917 = 22*b. What is the units digit of b?
3
Let p be (0 - 6/(-5))/(75/500). Suppose -4*i = 3*n + 1395, 0 = -10*i + p*i + 5*n - 665. Let u = i + 533. What is the units digit of u?
8
Let x(d) = -d**3 - 19*d**2 + 21*d + 20. Let f be x(-20). Let c(w) = 10 + 6*w - 8*w + 6*w + f. What is the tens digit of c(13)?
6
Let n be -36 + (12/(-54) - (-32)/(-18)). Let u be (n - 15) + (-2 - 0). Let x = 17 - u. What is the units digit of x?
2
Suppose -1350*l = -1372*l + 400642. What is the hundreds digit of l?
2
Let v(l) = 5*l - 50. Let h be v(10). Suppose -1078*u + 1079*u - 1902 = h. What is the thousands digit of u?
1
Let z = 228 - 159. Let j = z + -65. Suppose 0 = -j*n - 4*y + 84, 0 = 3*n + y - 5 - 48. What is the tens digit of n?
1
Let o = -5511 - -6492. What is the units digit of o?
1
What is the thousands digit of 23 - (-8 - 69933) - 15?
9
Let i = 226 + -238. Suppose 0 = 2*y - 2*s - 6, 5*y = y + 5*s + 13. Let d = y - i. What is the tens digit of d?
1
Let z be 3/(-15) + (-1)/(-5). Let i(x) = -x**3 - 8*x**2 + 21*x + 8. Let d be i(-11). Suppose -4*q - d + 564 = z. What is the units digit of q?
6
Suppose -3*l + w = 3*w - 10, -w = -2. Suppose -2*z + l*r - 892 = -5*z, 0 = -2*z - 4*r + 608. What is the hundreds digit of z?
2
Suppose 2*s + 2*t = 86, 33 = s - 3*t - 10. Suppose 19*k - 470 = s. What is the units digit of k?
7
Let d(w) = 15*w + 6. Suppose -15*f = f - 80. What is the units digit of d(f)?
1
Let u be (-3 + 2)/((-2)/(-5 + 15)). What is the units digit of ((-3)/u)/(80/(-101200))?
9
Let o = -103 + 106. Suppose q = z - 446, -o*z + q = -0*z - 1338. What is the hundreds digit of z?
4
Suppose 3*f = -5*f + 6736. Let r = -505 + f. What is the tens digit of r?
3
Let h = 458 - -340. Let k = h + -491. What is the units digit of k?
7
Let m = -47 + 80. Suppose -5*f + 2*k = -m, 8 = 5*f - f